 Calculate the greatest common factor of g and 14.
14
Suppose 0 = 2*g + 5*m - 5 - 0, g + 5*m = 0. Suppose g*y = 12 + 13. Let c(s) = -s**2 + 5*s + 9. Let a be c(y). Calculate the greatest common divisor of a and 99.
9
Suppose -3*n + 57 = f, -3*f + 4*n + 172 = -38. Let z = 521 - f. Calculate the highest common factor of 35 and z.
35
Let p = 16 + -10. Suppose 0 = 2*m - 8*m + 144. Let v be m*3/(-36)*-33. What is the highest common factor of p and v?
6
Let f = 339 + -283. Calculate the highest common factor of 3220 and f.
28
Let q(g) = -8*g**3 - g**2 - 24*g - 23. Let f be q(-1). Calculate the greatest common divisor of 1164 and f.
4
Let q(x) = x**3 - 11*x**2 - 11*x - 12. Let a be q(12). Suppose 2*k - 41 - 25 = a. Calculate the highest common factor of k and 77.
11
Suppose 40*g - 24*g + 16 = 0. Let c be (-5076)/(-324) + (-2)/(-3)*g. What is the greatest common factor of 405 and c?
15
Let r be (-4)/8*2 + 3. Suppose r*l = l + 1. Let f(t) = 51*t**2 - 3*t + 1. Let s be f(l). What is the greatest common factor of s and 7?
7
Let z = 30748 - 27625. Calculate the highest common factor of z and 12.
3
Suppose 0 = 5*v - 0*u + 4*u - 132, -3*u = -5*v + 111. Let b = -16 + v. Let a be 110 + b - 4/(-2). What is the highest common divisor of a and 12?
12
Let x(y) = -y**2 - 4*y + 12. Let g be x(-6). Let h(l) = 5*l**2 - l + 1. Let m be h(g). Calculate the highest common factor of m and 4.
1
Let c(l) = l + 9. Let z be c(-11). Let j = z + 4. Let q = -1184 - -1188. What is the highest common factor of q and j?
2
Let w = 4380 - 4315. Calculate the highest common divisor of w and 39.
13
Let v = 56 - 44. Suppose 7*s - v*s = -135. Let a be (s/(-6))/(3/(-2)). Calculate the highest common factor of 27 and a.
3
Suppose -4*f + 5 = -3. Let q(o) = -f + 7 + 3 - 44*o + 12*o. Let i be q(-7). Calculate the highest common factor of 29 and i.
29
Let l = 123 + -118. Suppose -4*g + l*v - 2*v = -33, 3*g = -5*v + 3. Let a(w) = 7*w**3 + 3*w**2 - w. Let m be a(2). What is the highest common factor of m and g?
6
Let y(w) = -21*w + 42. Let q(b) = b - 1. Let c(l) = 18*q(l) + y(l). Let x be c(5). Let m be 1/(-2 + 3)*72. What is the highest common factor of m and x?
9
Let g(z) = 2*z**2 - 179*z + 504. Let a be g(87). Calculate the greatest common factor of a and 11914.
23
Let r be 2/4 - (-3)/(-2). Suppose -121 = -5*q - 6. Let o be q + (-1 - -2)/r. Calculate the greatest common factor of 33 and o.
11
Let a = 9489 + -9336. Calculate the highest common factor of a and 23256.
153
Let w be 423/12 + (-3)/12. Suppose 193 = -18*q + 643. Calculate the highest common divisor of w and q.
5
Suppose 646 - 2686 = -680*m. Calculate the highest common divisor of m and 582.
3
Let k(q) = 3*q**3 + 8*q**2 - 12*q + 3. Let z be k(5). Let o = z - 458. Calculate the highest common divisor of o and 150.
30
Suppose 3*k = -2*d + 440, -3*k + 78 + 365 = 5*d. What is the highest common divisor of k and 2628?
146
Let b = -351 - -424. Let i(p) = -228*p - 227. Let u be i(-9). Calculate the highest common factor of u and b.
73
Let l(b) = 4*b**3 - 8*b**2 + 11*b - 34. Let c be l(6). What is the highest common divisor of c and 48?
16
Let z(n) be the second derivative of n**4/12 + 14*n**3/3 - 37*n**2 + 2*n - 31. Let b be z(-41). Calculate the highest common divisor of 51 and b.
51
Let i = -38 - -9. Let a = -20 - i. Suppose 172 = 2*s + 5*d, -413 = -5*s + 2*d - 6*d. What is the greatest common factor of s and a?
9
Let p(s) = 2*s**3 + 16*s**2 + s + 19. Let m be p(-8). Let v = m - -76. Suppose 0 = 12*c - 249 - v. Calculate the greatest common divisor of c and 70.
14
Let y(p) = -p**3 + 2*p**2 + 2*p + 12. Let t be y(0). Suppose 2496 = 11*d + 15*d. Calculate the greatest common factor of t and d.
12
Let n(c) = 7*c**3 - 9*c**2 + 12*c - 8. Let u be n(3). What is the highest common divisor of 5032 and u?
136
Suppose 5*z + 60 = x, 16*x - 348 = 12*x + 2*z. Calculate the highest common divisor of 1095 and x.
15
Let l = 26949 + -26676. What is the highest common factor of 12649 and l?
91
Let b be (195/20 - 13)/((-4)/208) + -4. Calculate the greatest common factor of 3245 and b.
55
Let w = 4 - 2. Suppose -w*f = -32 - 44. Let o(v) = 38*v - 152. Let j be o(5). What is the greatest common factor of j and f?
38
Let t be (6 - (4 + -18)) + -11. Calculate the highest common divisor of t and 25659.
9
Suppose -2*c + g + 18 + 53 = 0, -2*g = -10. Suppose 0 = 3*i - c + 8. Let w(n) = -10*n + 20. Let m be w(-14). Calculate the greatest common factor of m and i.
10
Suppose -5*x = 15, -2*x + 7 - 1 = 3*a. Suppose 0 = -a*s - d + 105, -s - 2*d + 4 + 24 = 0. What is the greatest common factor of 78 and s?
26
Let l = -120 - -188. Let b be ((-4)/6*(-2 + l))/(-2). What is the greatest common factor of 33 and b?
11
Suppose 202*z = 10757 + 799 + 11674. What is the highest common factor of 15 and z?
5
Suppose -10*m + 124 = 64. Suppose -15*o - m = -16*o. Calculate the greatest common factor of 39 and o.
3
Let l(o) = 6924*o**2 + 5*o. Let p be l(1). What is the greatest common divisor of 13 and p?
13
Let u(o) = 5*o - 16. Let g be u(4). Suppose 4*y + 4*m - 338 = y, -5*y + 606 = -g*m. Calculate the greatest common factor of 295 and y.
59
Let f be (1 - -16)*(-10 + 23 + 4). Suppose -5*z - 3*o = -6*o - 722, -2*z = -o - f. What is the highest common factor of 10 and z?
5
Let t = 6 - -66. Let j = 88 - t. Calculate the greatest common divisor of 48 and j.
16
Suppose 47*m - 74 = 10*m. Suppose -42*s + 41*s + m*c = -56, -2*s - 3*c = -140. Calculate the greatest common factor of 64 and s.
64
Let q = 8196 - 8140. Let a(k) = 3*k + 2. Let d be a(4). Calculate the greatest common factor of q and d.
14
Let l = 334 + 3131. What is the highest common factor of 75 and l?
15
Let w(m) = -m**2 + 13*m + 6. Let c be w(13). Suppose c*b - 10*b = -432. What is the greatest common factor of b and 72?
36
Let x(k) = k**2 - 70*k + 1258. Let f be x(46). What is the greatest common factor of f and 798?
14
Suppose -1404*r + 1382*r + 1056 = 0. Let o(y) = -y**3 - 5*y**2 - 7*y - 6. Let a be o(-4). Calculate the highest common factor of a and r.
6
Let n = -1460 - -2702. Calculate the greatest common divisor of n and 368.
46
Let f(i) = -i**2 - 13*i + 49. Let o(r) = 11*r + 18. Let b be o(-3). Let h be f(b). Calculate the greatest common divisor of h and 152.
19
Suppose -296*x - 11973 = -297*x. What is the greatest common divisor of 117 and x?
39
Let r be (-44)/(-418)*152*(-1 + 6). Calculate the greatest common divisor of 4208 and r.
16
Suppose 66 = 2*c + 60. Suppose -5*x + 736 - 28 = c*q, 0 = -x + q + 148. What is the greatest common divisor of 16 and x?
16
Suppose 26*q = 22*q + 68. Suppose -31 = -q*f + 20. What is the greatest common divisor of f and 21?
3
Suppose -7*u + 13 = -6*u. Let k(t) = 4*t**2 - 47*t - 29. Let p be k(u). What is the highest common factor of 72 and p?
36
Suppose -9*h + 5*h - 3*t = 6729, 0 = -h + 4*t - 1687. Let z = -1152 - h. What is the highest common factor of 59 and z?
59
Let j = 29157 - 28109. What is the greatest common divisor of 16 and j?
8
Let k = -41 - -47. Suppose -k*p + 180 = -p. Suppose -6*a - p = -10*a. Calculate the greatest common divisor of 45 and a.
9
Let b be (-987)/5 - 9*(-7)/(-105). Let c be 4/(-22) - 2808/b. Let y = -41 - -139. Calculate the highest common divisor of c and y.
14
Suppose 5*x - 1347 = -i + 575, 0 = -4*i + 3*x + 7688. Calculate the greatest common factor of 806 and i.
62
Suppose 861271 = 199*b - 704536 + 346335. What is the highest common divisor of 32 and b?
16
Suppose -928*x = -932*x + 40. Suppose 2 = t - b, 7*t - x*t + b + 12 = 0. What is the greatest common factor of t and 35?
5
Let g(m) = -m**3 - 35*m**2 + 5*m + 274. Let l be g(-35). Calculate the greatest common factor of 935 and l.
11
Let x = 521 + -381. Suppose 4*s - p = 75, 2*s - 4*p - 6 - 14 = 0. Calculate the highest common factor of s and x.
20
Suppose -187*a - 21 = -190*a. Suppose 0 = a*x - 14. Calculate the greatest common factor of 56 and x.
2
Let g be (1053/(-13))/9 - -315. Calculate the greatest common divisor of g and 234.
18
Let l = -81 - -117. Suppose -3*z = 6, -2*h + 0*z + l = -4*z. Calculate the highest common factor of 2 and h.
2
Suppose -2*s - s + 3701 + 8872 = 0. Calculate the highest common divisor of 66 and s.
33
Let u = 737 + -727. Suppose -5*f + 40 = -3*h, 6*f - 3*h = 11*f - u. 